{"id":1955,"date":"2022-12-12T20:48:22","date_gmt":"2022-12-12T19:48:22","guid":{"rendered":"https:\/\/darekjam.pavelkares.cz\/?page_id=1955"},"modified":"2022-12-12T20:53:29","modified_gmt":"2022-12-12T19:53:29","slug":"hudebni-bazar-1-12-2022","status":"publish","type":"page","link":"https:\/\/darekjam.cz\/?page_id=1955","title":{"rendered":"2022 Hudebn\u00ed Bazar"},"content":{"rendered":"<p>01.12.2022 Hudebn\u00ed Bazar &#8211; foto:<a href=\"https:\/\/zmelikova.cz\/\" target=\"_blank\" rel=\"noopener\"> Olga Zmel\u00edkov\u00e1<\/a><\/p>\nngg_shortcode_0_placeholder\n","protected":false},"excerpt":{"rendered":"<p>01.12.2022 Hudebn\u00ed Bazar &#8211; foto: Olga Zmel\u00edkov\u00e1<\/p>\n","protected":false},"author":1,"featured_media":0,"parent":0,"menu_order":0,"comment_status":"closed","ping_status":"closed","template":"","meta":{"ngg_post_thumbnail":0,"footnotes":""},"class_list":["post-1955","page","type-page","status-publish","hentry"],"_links":{"self":[{"href":"https:\/\/darekjam.cz\/index.php?rest_route=\/wp\/v2\/pages\/1955","targetHints":{"allow":["GET"]}}],"collection":[{"href":"https:\/\/darekjam.cz\/index.php?rest_route=\/wp\/v2\/pages"}],"about":[{"href":"https:\/\/darekjam.cz\/index.php?rest_route=\/wp\/v2\/types\/page"}],"author":[{"embeddable":true,"href":"https:\/\/darekjam.cz\/index.php?rest_route=\/wp\/v2\/users\/1"}],"replies":[{"embeddable":true,"href":"https:\/\/darekjam.cz\/index.php?rest_route=%2Fwp%2Fv2%2Fcomments&post=1955"}],"version-history":[{"count":3,"href":"https:\/\/darekjam.cz\/index.php?rest_route=\/wp\/v2\/pages\/1955\/revisions"}],"predecessor-version":[{"id":1962,"href":"https:\/\/darekjam.cz\/index.php?rest_route=\/wp\/v2\/pages\/1955\/revisions\/1962"}],"wp:attachment":[{"href":"https:\/\/darekjam.cz\/index.php?rest_route=%2Fwp%2Fv2%2Fmedia&parent=1955"}],"curies":[{"name":"wp","href":"https:\/\/api.w.org\/{rel}","templated":true}]}}