{"id":1190,"date":"2020-12-10T18:43:36","date_gmt":"2020-12-10T17:43:36","guid":{"rendered":"https:\/\/darekjam.pavelkares.cz\/?page_id=1190"},"modified":"2022-11-24T19:44:28","modified_gmt":"2022-11-24T18:44:28","slug":"napsali-o-nas","status":"publish","type":"page","link":"https:\/\/darekjam.cz\/?page_id=1190","title":{"rendered":"Napsali o n\u00e1s"},"content":{"rendered":"<h3 style=\"text-align: center;\">\u010cl\u00e1nek na novink\u00e1ch.cz<\/h3>\n<h3 style=\"text-align: center;\"><a href=\"https:\/\/www.novinky.cz\/clanek\/vanoce-ostravsky-darek-jam-pomuze-matkam-s-detmi-i-hladovejicim-v-jemenu-40414426\" target=\"_blank\" rel=\"noopener\"><img loading=\"lazy\" decoding=\"async\" class=\"aligncenter wp-image-1860 size-medium\" src=\"https:\/\/darekjam.pavelkares.cz\/wp-content\/uploads\/2022\/11\/novinky-287x300.jpg\" alt=\"\" width=\"287\" height=\"300\" srcset=\"https:\/\/darekjam.cz\/wp-content\/uploads\/2022\/11\/novinky-287x300.jpg 287w, https:\/\/darekjam.cz\/wp-content\/uploads\/2022\/11\/novinky-700x731.jpg 700w, https:\/\/darekjam.cz\/wp-content\/uploads\/2022\/11\/novinky.jpg 722w\" sizes=\"auto, (max-width: 287px) 100vw, 287px\" \/><\/a><\/h3>\n<h3 style=\"text-align: center;\">Rozhovor o D\u00e1rek jamu 2022 na r\u00e1diu Ostravan<\/h3>\n<p>&nbsp;<br \/>\n<iframe loading=\"lazy\" src=\"https:\/\/w.soundcloud.com\/player\/?url=https%3A\/\/api.soundcloud.com\/tracks\/1388966521&amp;color=ff5500\" width=\"100%\" height=\"166\" frameborder=\"no\" scrolling=\"no\"><\/iframe><\/p>\n<div style=\"font-size: 10px; color: #cccccc; line-break: anywhere; word-break: normal; overflow: hidden; white-space: nowrap; text-overflow: ellipsis; font-family: Interstate,Lucida Grande,Lucida Sans Unicode,Lucida Sans,Garuda,Verdana,Tahoma,sans-serif; font-weight: 100;\"><a style=\"color: #cccccc; text-decoration: none;\" title=\"R\u00e1dio Ostravan\" href=\"https:\/\/soundcloud.com\/radio-ostravan\" target=\"_blank\" rel=\"noopener\">R\u00e1dio Ostravan<\/a> \u00b7 <a style=\"color: #cccccc; text-decoration: none;\" title=\"D\u00e1rek Jam 2022 - z\u00e1znam rozhovoru pro R\u00e1dio Ostravan\" href=\"https:\/\/soundcloud.com\/radio-ostravan\/darek-jam-2022-zaznam-rozhovoru-pro-radio-ostravan\" target=\"_blank\" rel=\"noopener\">D\u00e1rek Jam 2022 &#8211; z\u00e1znam rozhovoru pro R\u00e1dio Ostravan<\/a><\/div>\n<p>&nbsp;<\/p>\n<blockquote class=\"wp-embedded-content\" data-secret=\"xvKCJaP1nB\"><p><a href=\"https:\/\/www.radioostravan.cz\/ve-stredu-vysilame-dvouhodinovy-rozhovor-o-darek-jamu-na-kterem-zahraji-nedivoc-fajfr-a-dalsi\/\">Ve st\u0159edu vys\u00edl\u00e1me dvouhodinov\u00fd rozhovor o D\u00e1rek Jamu, na kter\u00e9m zahraj\u00ed Nedivo\u010d, Fajfr a dal\u0161\u00ed<\/a><\/p><\/blockquote>\n<p><iframe loading=\"lazy\" class=\"wp-embedded-content\" sandbox=\"allow-scripts\" security=\"restricted\" style=\"position: absolute; clip: rect(1px, 1px, 1px, 1px);\" title=\"&#8222;Ve st\u0159edu vys\u00edl\u00e1me dvouhodinov\u00fd rozhovor o D\u00e1rek Jamu, na kter\u00e9m zahraj\u00ed Nedivo\u010d, Fajfr a dal\u0161\u00ed&#8220; &#8212; R\u00e1dio Ostravan | Hudba Moravskoslezsk\u00e9ho kraje\" src=\"https:\/\/www.radioostravan.cz\/ve-stredu-vysilame-dvouhodinovy-rozhovor-o-darek-jamu-na-kterem-zahraji-nedivoc-fajfr-a-dalsi\/embed\/#?secret=OMl3sM3Nqy#?secret=xvKCJaP1nB\" data-secret=\"xvKCJaP1nB\" width=\"600\" height=\"338\" frameborder=\"0\" marginwidth=\"0\" marginheight=\"0\" scrolling=\"no\"><\/iframe><\/p>\n<p><a href=\"https:\/\/www.eprogram.cz\/magazin\/11-kultura\/1689-darek-jam-predvanocni-benefice-pro-azylovy-dum-a-lidi-v-nouzi\" target=\"_blank\" rel=\"noopener\"><br \/>\n<img loading=\"lazy\" decoding=\"async\" class=\"aligncenter wp-image-1191 size-large\" src=\"https:\/\/darekjam.pavelkares.cz\/wp-content\/uploads\/2020\/12\/napsali-700x481.jpg\" alt=\"\" width=\"700\" height=\"481\" srcset=\"https:\/\/darekjam.cz\/wp-content\/uploads\/2020\/12\/napsali-700x481.jpg 700w, https:\/\/darekjam.cz\/wp-content\/uploads\/2020\/12\/napsali-300x206.jpg 300w, https:\/\/darekjam.cz\/wp-content\/uploads\/2020\/12\/napsali-768x528.jpg 768w, https:\/\/darekjam.cz\/wp-content\/uploads\/2020\/12\/napsali.jpg 991w\" sizes=\"auto, (max-width: 700px) 100vw, 700px\" \/><\/a><\/p>\n","protected":false},"excerpt":{"rendered":"<p>\u010cl\u00e1nek na novink\u00e1ch.cz Rozhovor o D\u00e1rek jamu 2022 na r\u00e1diu Ostravan &nbsp; R\u00e1dio Ostravan \u00b7 D\u00e1rek Jam 2022 &#8211; z\u00e1znam rozhovoru pro R\u00e1dio Ostravan &nbsp;&hellip;<\/p>\n","protected":false},"author":1,"featured_media":0,"parent":0,"menu_order":0,"comment_status":"closed","ping_status":"closed","template":"","meta":{"ngg_post_thumbnail":0,"footnotes":""},"class_list":["post-1190","page","type-page","status-publish","hentry"],"_links":{"self":[{"href":"https:\/\/darekjam.cz\/index.php?rest_route=\/wp\/v2\/pages\/1190","targetHints":{"allow":["GET"]}}],"collection":[{"href":"https:\/\/darekjam.cz\/index.php?rest_route=\/wp\/v2\/pages"}],"about":[{"href":"https:\/\/darekjam.cz\/index.php?rest_route=\/wp\/v2\/types\/page"}],"author":[{"embeddable":true,"href":"https:\/\/darekjam.cz\/index.php?rest_route=\/wp\/v2\/users\/1"}],"replies":[{"embeddable":true,"href":"https:\/\/darekjam.cz\/index.php?rest_route=%2Fwp%2Fv2%2Fcomments&post=1190"}],"version-history":[{"count":11,"href":"https:\/\/darekjam.cz\/index.php?rest_route=\/wp\/v2\/pages\/1190\/revisions"}],"predecessor-version":[{"id":1864,"href":"https:\/\/darekjam.cz\/index.php?rest_route=\/wp\/v2\/pages\/1190\/revisions\/1864"}],"wp:attachment":[{"href":"https:\/\/darekjam.cz\/index.php?rest_route=%2Fwp%2Fv2%2Fmedia&parent=1190"}],"curies":[{"name":"wp","href":"https:\/\/api.w.org\/{rel}","templated":true}]}}